. Let y = n - u. What are the prime factors of y?
89
What are the prime factors of 110/(-66) + (-183354)/(-9)?
13, 1567
What are the prime factors of ((-12)/20)/(40/(-528400))?
2, 3, 1321
Let t(n) = 5*n - 39. Let o(r) = -r + 1. Let z(p) = -4*o(p) - t(p). Suppose -2*f = -23 + 1. What are the prime factors of z(f)?
2, 3
Suppose 0 = -27*c + 206575 - 63691. What are the prime factors of c?
2, 3, 7
Suppose -5*f + 2*h + 531 = -6562, 0 = 2*f - 2*h - 2836. Suppose -f*a + 972 = -1415*a. List the prime factors of a.
3
Suppose 4*l - 18 = -5*i, 5*i - 5*l + 6 = 51. Suppose -19 = -n - i. Suppose -n*f + 1040 = -3*f. List the prime factors of f.
2, 13
Let c = 345 + -342. Suppose -5*f - 13 + 3 = 0. What are the prime factors of (-4 + c)*246/f?
3, 41
Let n = 25 + -27. Let b be 2*1 + 78 + n. Suppose b = q + 8. What are the prime factors of q?
2, 5, 7
Let h be 1 + 1 + (-774)/(-3). Suppose 4*v = 2*u - 6*u + h, -v + 61 = 3*u. Let z = -52 + v. What are the prime factors of z?
3, 5
Suppose -2*c - 5*j = -35, -c = -j - 4 - 3. Let i(q) = -20*q - c + 3 - 2. List the prime factors of i(-5).
7, 13
Suppose 0 = -22*a + 25*a - 54. Let l(m) = m**3 - 17*m**2 - 17*m - 24. Let b be l(a). List the prime factors of ((-57)/38)/(b/352).
2, 11
Suppose 409 = -5*b + 89. Let g = b + 178. List the prime factors of g.
2, 3, 19
Suppose q + 4*x + 16 = 0, -3*x + 6*x = 4*q - 31. Suppose 0 = 2*f - q*f + 8. Suppose f*m = m + 138. List the prime factors of m.
2, 23
List the prime factors of 3111408/60 - 10 - (4 - 32/10).
2, 3, 8641
Let n(b) = -b**2 - 31*b - 115. Let a be n(-7). Suppose -a*f = -26*f - 11637. List the prime factors of f.
431
Suppose 0 = -5*s, 8*q - 9 = 5*q - 3*s. What are the prime factors of (-284)/q*18/(-4)?
2, 3, 71
Let p be 36*(-6 + 5)*26/(-4). Let d be (p/2)/(8/8). Let v = 184 - d. What are the prime factors of v?
67
Let o = 2487 + 1821. What are the prime factors of o?
2, 3, 359
Let r = -11352 - -17309. List the prime factors of r.
7, 23, 37
Let h(a) = a**3 - 11*a**2 + 12*a + 14. Suppose -2*t + 161 = 67. Suppose 2*x = -3*v + 37, 4*x = -2*v + t + 7. List the prime factors of h(x).
2, 73
Suppose 0*q + 2*g - 334 = 4*q, -5*g = 3*q + 231. Let f = q + 294. What are the prime factors of f?
2, 53
Let s(v) = -5*v + 65. Let q be s(13). Suppose q = -735*m + 738*m - 1770. What are the prime factors of m?
2, 5, 59
Let h = -412 - -415. Let o(n) = 43*n**3 - 11*n**2 - 9*n + 5. What are the prime factors of o(h)?
2, 5, 13
Let z(r) = -r**3 + 7*r**2 - 4*r + 16. Let q be z(7). List the prime factors of -6*((-6)/(-16))/(3/q).
3
Let k be 7 + (-204)/16 - (-3)/4. Let i(x) = 31*x**2 + 14. What are the prime factors of i(k)?
3, 263
Let g(q) = 431*q - 3220. What are the prime factors of g(32)?
2, 3, 881
Let r be ((-105)/28)/(((-18)/(-368))/(-3)). Suppose 5*w + w = 18. Suppose 5*a - r = -2*m + 47, -404 = -w*m + 4*a. List the prime factors of m.
2, 17
Suppose 2*c - 76159 = -5*j, 32*c + 60944 = 4*j + 28*c. List the prime factors of j.
15233
Suppose -4*a + q + 226 - 2581 = 0, -4*q - 2970 = 5*a. Let d = a + 1334. What are the prime factors of d?
2, 3, 31
Let j(x) = x + 12. Let c be j(-8). Suppose -c*k + 16 = 0, 6*s - 2*k - 8 = 2*s. Suppose -s*r + 0*r + 428 = 0. What are the prime factors of r?
107
Let g be (-42)/84*(-8)/1. List the prime factors of (-292)/(g/32*-2).
2, 73
Let o = -14886 - -27920. What are the prime factors of o?
2, 7, 19
Let a(i) be the first derivative of i**4/4 - 17*i**3/3 - 7*i**2/2 + i - 5. Let l be a(17). Let j = -61 - l. List the prime factors of j.
3, 19
Suppose -8*b + 140 = 12*b. Suppose -b*s = -3405 + 822. What are the prime factors of s?
3, 41
Let v(r) = 3*r - 16. Let a be v(6). Suppose -2*t + 782 = p + a*p, 0 = 5*t - 5*p - 1980. What are the prime factors of t?
2, 197
Suppose 0 = -2*d + 36. Suppose 3*a + 80 + 190 = 0. List the prime factors of (-162)/(-10) + d/a.
2
Suppose -20 = a - 75. Suppose -4*i = t - a, -4*t + i - 198 = -7*t. Let l = -25 + t. What are the prime factors of l?
2, 3, 7
Let t(o) = 463*o + 4007. What are the prime factors of t(124)?
3, 59, 347
Suppose 3*k + 3*o - 47550 = 0, 3*k + 15*o - 47557 = 19*o. What are the prime factors of k?
11, 131
Suppose -3*v + 6*v - 75 = 0. Let k(x) = -v - 25*x - 14*x + 31*x. List the prime factors of k(-6).
23
Let j = 663 + 16. Suppose -18*r + j = -17*r. List the prime factors of r.
7, 97
Let h = -1959 - -18212. What are the prime factors of h?
16253
Suppose 4*y = -3376 + 12404. List the prime factors of y.
37, 61
Suppose -j + 233 = f, 16*f - 3*j - 486 = 14*f. Let k = f + -123. What are the prime factors of k?
2, 3, 19
Let s(f) = 88*f + 6. Let n(t) = 178*t + 13. Let g(p) = 3*n(p) - 5*s(p). List the prime factors of g(8).
761
Let i(o) = o**2 + 2. Let z be i(1). What are the prime factors of z + 2 + (170 - (-11 - -6))?
2, 3, 5
Let o(d) = -2*d**3 + 7*d**2 - 9*d + 16. Let m be o(3). Let c(v) = -578*v + 16. List the prime factors of c(m).
2, 293
Suppose 46*y + 840 = 74*y. Let p = 907 + y. What are the prime factors of p?
937
Let t be (5 + 0 - 0) + 17842/(-11). Let g = t - -2341. What are the prime factors of g?
2, 181
Suppose -28*b + 5717 = -210835. What are the prime factors of b?
2, 3, 1289
Let l(u) = u**3 - 13*u**2 - 15*u + 16. Let i be l(14). Let f(j) = -20 + 8*j**2 + 6*j**i + 3*j + 8 + j**3. List the prime factors of f(-13).
2, 59
Suppose 23*u + 84 = 16*u. Let w(r) = 3*r**2 - 15*r - 32. List the prime factors of w(u).
2, 5, 29
What are the prime factors of ((-1664)/(-48)*3/10)/((-4)/(-4780))?
2, 13, 239
Suppose 8*k - 7 = 9. Suppose -5*w + 5*a - 20 = 0, -k*a + 0*a + 8 = 5*w. Suppose w = v - 3*i - 51 + 14, -196 = -5*v + 4*i. List the prime factors of v.
2, 5
Suppose -9*w = -5*w + 40. Let z(l) = -l**3 - 9*l**2 + 8*l - 13. Let g be z(w). Suppose -234 = -g*a + a. What are the prime factors of a?
3, 13
Let q = -523 - -3285. List the prime factors of q.
2, 1381
Suppose 0 = -2275*c + 2276*c + 5*g - 8142, -g = -3*c + 24458. What are the prime factors of c?
2, 1019
Let j = -29116 - -50584. What are the prime factors of j?
2, 3, 1789
Suppose -2*j - 4*g + 73540 = 0, 0 = 4*g + 10 - 2. List the prime factors of j.
2, 3, 227
Suppose -64 = 8*i - 24*i. Let u = -3 + 6. Suppose 159 = 5*t + u*s - 556, -i*s = 0. List the prime factors of t.
11, 13
Let n be 48/10*(1 - (-9)/6). Suppose n*a + 1398 = 18*a. What are the prime factors of a?
233
Let b(t) = 2*t**2 - 2*t + 2. Let y be b(2). Let g = 0 + y. Suppose g*k + 216 = 8*k. What are the prime factors of k?
2, 3
What are the prime factors of (609 - -115)*1*7?
2, 7, 181
Let n = 228 - 223. Suppose 2*q = -0*q + 4*f + 946, -n*f = q - 466. What are the prime factors of q?
3, 157
Suppose -73515 = -3*l - 17076. What are the prime factors of l?
3, 6271
Suppose 20*q - 168064 = -23904. List the prime factors of q.
2, 17, 53
Let l(x) be the third derivative of 1/8*x**4 - 1/2*x**3 + 1/5*x**5 + 12*x**2 + 0 + 0*x. List the prime factors of l(-3).
2, 3
Let z be (-4)/(-10) + (-309)/(-15). Let r = 32 - z. Suppose -6*y + 3468 = r*y. What are the prime factors of y?
2, 3, 17
List the prime factors of (264 - -71128) + (15 - 2).
5, 14281
Suppose -6 = 4*c - 18. What are the prime factors of (4 - (-414)/4)/(c/12)?
2, 5, 43
Suppose o = -0*o. Let x(f) = 50*f + 45*f - 177*f + 38*f + 43*f + 239. List the prime factors of x(o).
239
List the prime factors of (1525 + (-1 - 0))/((-88)/(-2948)).
2, 3, 67, 127
Suppose 2*k = 6*k - 2*l + 50, -3*l + 15 = 0. Let v be (-64)/k - 8/20. Suppose -5*z = -v - 74. List the prime factors of z.
2
Let y(z) = 12*z + 3. Let s(j) = 76*j - 16 - 174*j + 38*j. Let d(a) = -4*s(a) - 22*y(a). List the prime factors of d(-3).
2, 5, 7
Suppose -y = 5*o + 48, 5*y + 9 = 2*y. What are the prime factors of -4 - -7 - 1764/o?
199
Let o = -5705 + 6151. List the prime factors of o.
2, 223
Let b = -6913 + 13551. Suppose 0 = 7*q - b - 33. What are the prime factors of q?
953
List the prime factors of 174908/5 - (24 + 4680/(-200)).
34981
Let o be 665 - (-3 - (-3)/(-3)). Suppose -3*g - o = 384. Let f = -239 - g. What are the prime factors of f?
2, 7
Let f be (0 - -5) + 770 + -8 + -3. Let b = 1187 - f. What are the prime factors of b?
3, 47
Let l(w) = -14*w**3 + 441*w**2 - 42*w + 46. What are the prime factors of l(30)?
2, 37, 239
Let k be 59*3/(-9) - 14/(-21). Let l = k - -24. Suppose -n + 4*n + l*i - 107 = 0, -i + 171 = 4*